-100?
100101000001101
In base 10, what is -13254 + 1?
-13253
In base 9, what is -47823 + 1?
-47822
In base 13, what is -8b63 - -3?
-8b60
In base 10, what is -27237 - -7?
-27230
In base 16, what is -5 - 3177?
-317c
In base 7, what is 5 - -406625?
406633
In base 5, what is -1033012 + 13?
-1032444
In base 14, what is -3963 + -6?
-3969
In base 14, what is 22 + -527?
-505
In base 2, what is -1 + 10110111010000?
10110111001111
In base 5, what is 11410123 + 3?
11410131
In base 9, what is 34 + -321?
-276
In base 13, what is 5 - -106240?
106245
In base 4, what is -121331 - 330030?
-1112021
In base 7, what is 221560 + -4?
221553
In base 8, what is -134367 + -1?
-134370
In base 5, what is 10 - 2303313?
-2303303
In base 3, what is -2 - -221200212?
221200210
In base 11, what is -2668a23 - -1?
-2668a22
In base 14, what is -4 - -1b3da?
1b3d6
In base 8, what is 4 - -26563?
26567
In base 7, what is 16 + 1633?
1652
In base 9, what is -2 - -687574?
687572
In base 3, what is 100 + 10212112?
10212212
In base 3, what is 1001211 + 12221?
1021202
In base 9, what is 450 + -144?
305
In base 16, what is b1b7 - 0?
b1b7
In base 2, what is -111010 - 11001100?
-100000110
In base 14, what is 10 - -4d1?
501
In base 11, what is 2996 - 46?
2950
In base 7, what is -165623 - -1?
-165622
In base 4, what is 10332 + 13021?
30013
In base 9, what is 215 - -45235?
45451
In base 9, what is -104023 + 28?
-103884
In base 15, what is 138 - 61e0?
-60a7
In base 11, what is -764 + 72?
-6a2
In base 13, what is 9571 - 6?
9568
In base 7, what is 3134 - -64?
3231
In base 12, what is -111 - -9a?
-33
In base 8, what is 1 - 121247?
-121246
In base 2, what is -111 + 101100000001111?
101100000001000
In base 14, what is -133c + -29?
-1367
In base 4, what is -1001011 - -2?
-1001003
In base 9, what is 4 - 25461?
-25456
In base 4, what is -10 + -1201032?
-1201102
In base 9, what is 403 - -200?
603
In base 13, what is -5 + 349a?
3495
In base 11, what is 329854 + -7?
329848
In base 15, what is b + 25d9c?
25da8
In base 7, what is 2 - 311230?
-311225
In base 15, what is -95 + 7ae?
719
In base 14, what is 3 + 3680?
3683
In base 2, what is -101 + -1001101011010?
-1001101011111
In base 14, what is 2 - a1d1?
-a1cd
In base 5, what is 40044340 - 1?
40044334
In base 3, what is -2 - -2110001222221?
2110001222212
In base 5, what is -13022 - 1?
-13023
In base 12, what is 2a938 - 6?
2a932
In base 2, what is -1111101001101000 + 0?
-1111101001101000
In base 9, what is 5 - -5840?
5845
In base 6, what is -122113 + 203?
-121510
In base 13, what is 33ba1 + 3?
33ba4
In base 16, what is 1 + 249d?
249e
In base 9, what is 0 - 5273?
-5273
In base 2, what is 1010001011001 - -10?
1010001011011
In base 5, what is 2103200 + 4?
2103204
In base 8, what is 2164 - -425?
2611
In base 15, what is -2 + -6c27a?
-6c27c
In base 8, what is 353 - -400?
753
In base 11, what is 2 - -61846?
61848
In base 8, what is -7 - -1272411?
1272402
In base 9, what is 187302 + 1?
187303
In base 10, what is -44453 + -32?
-44485
In base 11, what is -18855a1 - -4?
-1885598
In base 15, what is -25a9 - -9?
-25a0
In base 13, what is -3 + -6c75?
-6c78
In base 11, what is 3 + -1479?
-1476
In base 16, what is 66 - 599?
-533
In base 11, what is -142a + -3?
-1432
In base 9, what is -542284 + 5?
-542278
In base 16, what is 3 + -dc9d?
-dc9a
In base 5, what is 43424 + -22?
43402
In base 14, what is 1 - -1a8938?
1a8939
In base 10, what is -267 + -121?
-388
In base 2, what is -1101 + 101100100101111010?
101100100101101101
In base 9, what is 57314 - -100?
57414
In base 11, what is -26a13a - 3?
-26a142
In base 12, what is 54b - 18a8?
-1359
In base 11, what is -6204 + -3?
-6207
In base 8, what is -13 + 6566?
6553
In base 9, what is 56 + -28?
27
In base 2, what is -11010001111011100010 - -101?
-11010001111011011101
In base 11, what is 1689 + 11?
169a
In base 2, what is -100101001111 - 1000101?
-100110010100
In base 11, what is 2 + 5981?
5983
In base 8, what is 2 + -2076?
-2074
In base 8, what is -1042 - 340?
-1402
In base 7, what is -555 + 5305?
4420
In base 15, what is 1c - 16987?
-1696a
In base 12, what is -465 + -1851?
-20b6
In base 2, what is -100011001010 - 1101101001?
-110000110011
In base 9, what is -37 - 34535?
-34573
In base 13, what is 2 - a503?
-a501
In base 10, what is 20 + -31634?
-31614
In base 2, what is 100 + 110000011101000?
110000011101100
In base 13, what is -26b + 63?
-208
In base 6, what is 2 - 213445?
-213443
In base 11, what is -172 - 852?
-a14
In base 16, what is -4a13 + -1?
-4a14
In base 10, what is 24851 + 41?
24892
In base 14, what is 5b4 - -4b?
621
In base 14, what is -41aa9 - -14?
-41a95
In base 13, what is -2 + 1566?
1564
In base 2, what is 1000001 - 11110110011100?
-11110101011011
In base 11, what is 1 - -4442?
4443
In base 7, what is -543303 - -5?
-543265
In base 12, what is 92 + 110?
1a2
In base 4, what is -1 + -1011312202?
-1011312203
In base 15, what is -2 - 24ac5?
-24ac7
In base 3, what is 2021 - -20002101?
20011122
In base 9, what is 40 + -22?
17
In base 11, what is -3 + -8a?
-92
In base 13, what is -12987 + 3?
-12984
In base 5, what is -14044 - -20?
-14024
In base 7, what is -1432304 - 1?
-1432305
In base 8, what is 63030 + -23?
63005
In base 6, what is -1522440 - -20?
-1522420
In base 9, what is -41 + -11?
-52
In base 7, what is 4 - 224354?
-224350
In base 3, what is 101 + 22112?
22220
In base 6, what is -21130 - 15?
-21145
In base 15, what is 124 + -69b9?
-6895
In base 4, what is -2 - 12021033?
-12021101
In base 3, what is -2112002 + 22?
-2111210
In base 5, what is -3 - -130341?
130333
In base 7, what is -3 + 1565?
1562
In base 4, what is 2000031300 - -10?
2000031310
In base 11, what is 2a - -3621?
3650
In base 13, what is 60 - -9b9?
a49
In base 13, what is 32498 + 4?
3249c
In base 15, what is 134b - 3?
1348
In base 2, what is 11010 - 1000011101011?
-1000011010001
In base 13, what is 52c - 571?
-42
In base 8, what is 5 - -117245?
117252
In base 15, what is 1d + -1ae?
-191
In base 2, what is -100100 + -10010100110?
-10011001010
In base 16, what is -5 - -257d9?
257d4
In base 9, what is -73722 - -134?
-73577
In base 4, what is -331 - 1320332?
-1321323
In base 3, what is -12001100 + 101011?
-11200012
In base 10, what is 4 - -20831?
20835
In base 12, what is -5 - 9388?
-9391
In base 4, what is -223 - 32231?
-33120
In base 12, what is -13 - -2345b?
23448
In base 16, what is -3 - 9f74?
-9f77
In base 11, what is 1 + -4123?
-4122
In base 7, what is -45 - 334506?
-334554
In base 16, what is 8cee - 67?
8c87
In base 11, what is 132 + 186?
308
In base 7, what is -626 + 100626?
100000
In base 10, what is -113465 + 7?
-113458
In base 7, what is -151542 + 22?
-151520
In base 11, what is -5 + -455160?
-455165
In base 8, what is -42 + 20466?
20424
In base 10, what is 9206 - 268?
8938
In base 8, what is -1770474 + 0?
-1770474
In base 16, what is 64 - 14f?
-eb
In base 10, what is 2 - 34717?
-34715
In base 2, what is 10001110 + 1101000?
11110110
In base 13, what is -a + -21445?
-21452
In base 5, what is 4234 - -23?
4312
In base 5, what is 1040313311 + 3?
1040313314
In base 12, what is 284 + 92?
356
In base 9, what is -234 + 10?
-224
In base 14, what is 2 + -97377?
-97375
In base 9, what is -7105607 - 5?
-7105613
In base 9, what is 22 - -14237?
14260
In base 2, what is 10101010110001001 - -1001?
10101010110010010
In base 13, what is -4 - -7083c?
70838
In base 9, what is -5 + 10263?
10257
In base 13, what is 262 + -27?
238
In base 2, what is -100100100111010110 - -11?
-100100100111010011
In base 8, what is -103 - 23204?
-23307
In base 12, what is 807 - -303?
b0a
In base 16, what is 8 - -18e?
196
In base 5, what is 22304 + 12303?
40112
In base 5, what is -41 + -100222?
-100313
In base 7, what is -5 - 251315?
-251323
In base 15, what is 5 + 45964?
45969
In base 15, what is -1841 + -c0?
-1911
In base 12, what is -3b4 + -5b?
-453
In base 14, what is 25d4 - 224?
23b0
In base 13, what is -29 + -732?
-75b
In base 3, what is 2 + 110021221?
110022000
In base 5, what is -2 + 4414204?
4414202
In base 6, what is -2 + -12001053?
-12001055
In base 5, what is -1344 - 20010?
-21404
In base 14, what is d + -14616?
-14607
In base 6, what is 2450 + 342?
3232
In base 9, what is -28 - -3814?
3775
In base 12, what is 1747a + -1?
17479
In base 8, what is 1 + 33441?
33442
In base 7,